et p be b(1). Let g = u + p. What are the prime factors of g?
3
Let b(c) = -9*c**3 - c**2 - 4*c. Suppose 0 = -d - 4*d - 10. What are the prime factors of b(d)?
2, 19
Let v(i) = -i**3 - 8*i**2 - 5*i - 11. Let j be v(-8). Let c = j + -26. Suppose c*a - 57 = 3*x, 2*a = -2*x + x + 47. List the prime factors of a.
2, 11
Let w be (2 - (-7)/(-3))*-33. Let i be 395/55 - 2/w. Suppose -4*x + 13 = 5*f - x, 3*f + 2*x = i. List the prime factors of f.
5
Suppose 4*k - 5*s - 192 = -0*s, -3*s = -3*k + 147. List the prime factors of (7/(-4))/(k/(-52) - -1).
7, 13
Suppose -f - 7 = 15. Let q(m) = m**3 - 8*m**2 + 2. Let g be q(8). What are the prime factors of (f/(-14) - g)*-7?
3
Suppose -35*w = -38*w - p + 3682, -w - 3*p = -1222. What are the prime factors of w?
2, 307
Suppose -7*s = -117 + 103. Suppose -388 = -s*x + 32. List the prime factors of x.
2, 3, 5, 7
Let x(s) = s**2 + 11*s + 10. Let o be x(-12). Suppose 5*r - 213 = o. List the prime factors of r.
47
Let p(a) = 2*a**3 + 43*a**2 - 77*a - 43. What are the prime factors of p(-19)?
3, 5, 43
Suppose -2*k = -0*k - 868. Suppose 0 = 5*s - 136 - k. What are the prime factors of s?
2, 3, 19
What are the prime factors of (-5548)/(-20) - (5 + 69/(-15))?
277
Let x(d) = -2*d**3 - 4*d**2 + 6*d + 2. Let k be x(-4). Suppose 43*l - 70 = k*l. List the prime factors of l.
2, 5, 7
Suppose -b + 5*b - 8 = 0. Suppose z - 5 = 0, -49 = -b*c - 3*z - 16. List the prime factors of 21/27*6*c.
2, 3, 7
Suppose -4*l + 23 = -37. Suppose 0 = 37*t - 13201 - 2450. List the prime factors of t/l - 6/30.
2, 7
Suppose m = 4*i - 37, 3*i = -3*m - 90 + 24. List the prime factors of (461 + m)*1/4.
109
Let x(f) = -6*f - 6. Let g be x(-2). Suppose -4*p = -2*p - 18. Suppose -g*j + p*j - 15 = 0. What are the prime factors of j?
5
Let g(i) = -14*i. Let t be g(-2). Let n = t + -12. List the prime factors of 412/n - 2/(-8).
2, 13
Let w = -133 - -291. Let h = 8 - 6. Suppose 36 = -h*m + w. What are the prime factors of m?
61
Suppose -4*f = -0*f - 16. Suppose f*o = 2*o + 36. What are the prime factors of o?
2, 3
Suppose 0 = 13*u - 18*u + 25, 0 = 3*l + 3*u - 5004. What are the prime factors of l?
1663
Let x(d) be the third derivative of -d**6/120 + 13*d**5/60 - d**4/8 + 17*d**3/6 - 6*d**2. Let k be x(13). List the prime factors of 6/4 - k/4.
7
Let f(q) = q + 14. Suppose 9 = 4*k - 5*k. Let z be f(k). Suppose -3*s - 36 = -z*v, -2*v + 5*s + 6 = s. List the prime factors of v.
3
Suppose 110*l = 103*l + 3794. What are the prime factors of l?
2, 271
Let x be (-18)/24 + (-30)/(-8). Let c = -4 + x. What are the prime factors of 20 + (-2 - c) + 3?
2, 11
Let v = 3344 - 397. List the prime factors of v.
7, 421
Let f = -284 + 752. Let x = f - 308. What are the prime factors of x?
2, 5
Suppose 2*f + 486 = g - 2*f, -3*g - 2*f = -1514. What are the prime factors of g?
2, 251
Let o(y) = -62*y - 257. Let d(l) = -15*l - 64. Let g(q) = -9*d(q) + 2*o(q). List the prime factors of g(18).
2, 5, 13
Let t = 3483 - 2128. What are the prime factors of t?
5, 271
Suppose 279*u + 1232 = 290*u. List the prime factors of u.
2, 7
Suppose 5*c = 1 + 14. List the prime factors of 73 + (-5 - (c - 3)).
2, 17
Suppose -m = 4 - 402. Suppose -4*x + m = 5*r, 2*r - x = -r + 249. List the prime factors of r.
2, 41
List the prime factors of 363/(-15)*(2 + -27).
5, 11
Let m(a) = -170*a**2 - 5*a + 2. Let l(y) = -169*y**2 - 4*y + 2. Let z(t) = -4*l(t) + 3*m(t). What are the prime factors of z(1)?
3, 5, 11
Suppose q + 1071 = 10*q. Suppose -o = y + 76, 0 = -o - 2*y + 6*y - 56. Let z = o + q. What are the prime factors of z?
47
Suppose -n = -6*n - 2510. Let x = n - -706. List the prime factors of x.
2, 3, 17
Let r be (117/2)/3*20/(-30). Let x(u) = 2*u**2 + 21*u + 22. List the prime factors of x(r).
3, 29
Suppose 13*d - 9490 = 47216. What are the prime factors of d?
2, 3, 727
Suppose -4*z + 1216 + 972 = 0. List the prime factors of z.
547
Suppose 3*z + 4464 = 3*y, 3*z + 5949 = 4*y - 2*z. What are the prime factors of y?
3, 7, 71
Let d(l) = 3*l**2 - 14*l - 76. List the prime factors of d(-17).
3, 7
Suppose 8*q - 3*q - 45 = 0. Let g(r) = 3*r**2 - 21*r + 11. What are the prime factors of g(q)?
5, 13
Suppose -14*s + 13*s = -3. Suppose -4*g - s*q + 153 + 282 = 0, -g + 3*q + 105 = 0. List the prime factors of g.
2, 3
What are the prime factors of ((-9)/(-6))/((-16)/(-4608))?
2, 3
Let d(s) = -s**3 + 4*s**2 + 3*s - 7. Let f be 9/(-3 + 6) + 1. Let y be d(f). Suppose 78 + 57 = y*w. What are the prime factors of w?
3
What are the prime factors of 20/(0 + -1)*576/(-48)?
2, 3, 5
Let l be (6/(-3))/((-8)/12). Suppose l*w - q - 56 = w, 75 = 3*w + 3*q. Let g = 36 - w. List the prime factors of g.
3
List the prime factors of 1714 - (-100)/(-30)*-3.
2, 431
Suppose 5*z - 441 = -2*z. Suppose 45 = 6*u - z. What are the prime factors of u?
2, 3
Suppose 3*j - 27 + 6 = 0. What are the prime factors of (-9 + j)/((-2)/18)?
2, 3
Suppose 4*m = -2*j - 78, 2*j + 3*m = 2*m - 75. List the prime factors of ((j - -4) + -4)/(-1).
37
Let r(f) = f**2 + f - 9. Let p(q) = -q**2 - q + 4. Let k(a) = -5*p(a) - 2*r(a). List the prime factors of k(2).
2
Let h(l) = 11*l + 7. Let c be h(-2). Let x = c - -21. Suppose x = d - 13. List the prime factors of d.
19
Let o(w) = -192*w + 121. List the prime factors of o(-1).
313
Let g(i) = i**2 - 40*i - 160. What are the prime factors of g(-37)?
2689
Let u(i) = i**3 + 8*i**2 - i + 63. Let k be u(-9). Let w(j) = -j**2 - 9*j + 14. Let a(p) = -1. Let s(q) = 4*a(q) + w(q). List the prime factors of s(k).
2, 5
List the prime factors of (-121022)/(-88) + 5/(-20).
5, 11
Let x(v) = -v**3 - 18*v**2 + 21. Suppose -p + 13 = -q, -2*q - q - 2*p = 64. What are the prime factors of x(q)?
3, 7
Let q(k) be the first derivative of 11*k**3/3 + 3*k**2/2 - 2*k - 2. What are the prime factors of q(2)?
2, 3
Suppose 2*m - 5*g - 377 = 6*m, m - 2*g = -78. Suppose 3*s - 498 + 119 = 5*j, -3*s + 375 = -3*j. Let q = m + s. What are the prime factors of q?
5, 7
Let g(t) = -t + 81. Suppose 3*n = -2*n. List the prime factors of g(n).
3
What are the prime factors of 238 + -239 + 3/((-6)/(-6608))?
3, 367
Let u(r) = 45*r**3 + 5*r**2 - 6*r + 1. What are the prime factors of u(2)?
3, 41
Suppose -20*p = -21*p + 1. Let n be (-11 - p)*(15 + -21). Let u = n + -6. List the prime factors of u.
2, 3, 11
List the prime factors of 2369 + (6 - 6)/(-8) - 2.
3, 263
Let o = 1702 - 1036. List the prime factors of o.
2, 3, 37
Let i(u) = -u**3 + u**2 + u. Let z(r) = -3*r**3 - 18*r + 23*r + 6*r**2 - 2*r**3. Let q(c) = -4*i(c) + z(c). List the prime factors of q(-2).
2, 7
Let j be 388 + (-3)/(-3)*-1. Suppose 0 = -10*y + 7*y + j. What are the prime factors of y?
3, 43
Let s = 46 + 139. Let d = s - 126. List the prime factors of d.
59
Let s be (-34)/(-8) + (-27)/(-36). Suppose -3*n + s*n - 54 = 0. Let l = n - 8. What are the prime factors of l?
19
Suppose -3*s + 1065 = -3*h, 6*h + 1062 = 3*s + 4*h. List the prime factors of s.
2, 11
Suppose 11*v - 94 = 60. What are the prime factors of 2*7/v*(190 + 1)?
191
Let c be (-6)/4*(2 - 70/15). Suppose -44 = c*b - 180. List the prime factors of b.
2, 17
Let s = -177 + 770. Suppose 0 = -5*w + s + 27. List the prime factors of w.
2, 31
Let t be 5/7 + -1 - 3446/(-7). Suppose 0 = 23*d - 17*d - t. List the prime factors of d.
2, 41
Let l be (-24)/(-10) - (-4)/(-10). Suppose 0 = -0*z - 2*z + l*y + 362, -20 = -4*y. What are the prime factors of z?
2, 3, 31
Let x(z) = -z**2 + 15*z + 4. Let b be x(15). Suppose b*j - 207 - 269 = 0. What are the prime factors of j?
7, 17
Suppose -f = 3*k - 5921, 3*k - 4516 = 4*f + 1410. List the prime factors of k.
2, 3, 7, 47
Let s = 42 - 40. List the prime factors of 4*-1*(11/s)/(-1).
2, 11
Let k = 311 + -238. What are the prime factors of k?
73
Let r be (-2)/(-5) + 629/(-85). Let x(y) = 2*y**2 + 6*y - 6. List the prime factors of x(r).
2, 5
Suppose 2539 = 4*m - 2649. What are the prime factors of m?
1297
What are the prime factors of (308/(-231))/((-2)/3933)?
2, 3, 19, 23
Let d be -2 + 0 - 1484/14. List the prime factors of 6 + d/20 - (-3364)/10.
337
Suppose 43 - 7 = 6*m. Suppose -3*n + m*n - 504 = 0. List the prime factors of n.
2, 3, 7
Let r be 2 - (-2)/((-1)/(21/(-6))). List the prime factors of (3 - r)*(-390)/12.
3, 5, 13
Let v(z) = -38*z + 30. List the prime factors of v(-9).
2, 3, 31
Suppose 0 